 -9 + 8 = g, l*q + 2*g - 3151 = 0. What is the tens digit of q?
5
Let t(z) = -5*z - 83. Let l be t(-17). Suppose 4*v - 534 - 1094 = -l*s, 2*s = -3*v + 1223. What is the units digit of v?
5
Let c be (-5)/(-3 + (-23913)/(-7974)). Suppose -3*o - 19*r = -18*r - c, -2*o + 2960 = 2*r. What is the tens digit of o?
7
Let r = -947 - -1333. Let y = r - 369. What is the units digit of y?
7
Let m(y) = 6*y**2 - 6*y + 12. Let p(h) be the third derivative of h**5/60 + 7*h**4/12 + 5*h**3/6 - 14*h**2. Let a be p(-14). What is the tens digit of m(a)?
3
Let v be ((-112)/3)/4*(-270)/20. What is the tens digit of v/(-42) - (0 + -475)?
7
Let l(t) = t**2 + 4*t - 27. Let r be l(-8). What is the tens digit of (-68 + 613)*((-2)/r)/(-1)?
1
Suppose 165*i + 163710 = 170*i. What is the hundreds digit of i?
7
Let z(a) = 17*a + 5*a + 4*a**2 + 4*a**2 + 4*a**2 - a**3 - 8*a**2 - 5. What is the tens digit of z(-10)?
7
Suppose 4*p + p + 16 = 4*d, 0 = -d + 4. Suppose 2 = -u + z, p*u - 5*u - 4*z = 55. Let b(n) = n**2 - 7*n - 2. What is the tens digit of b(u)?
9
Suppose 0 = -25*s + 210025 - 69675. What is the tens digit of s?
1
Let n(d) = -16499*d + 3892. What is the ten thousands digit of n(-1)?
2
Let k = -26 + 39. Suppose y - k = 3*x, -y - 5 = -2*y - x. What is the units digit of 16/y + -2 + (-594)/(-77)?
8
Suppose 2257 - 5425 = -16*n. Let w(v) = -99*v. Let p be w(-1). Let q = n - p. What is the units digit of q?
9
Let a = 49032 + -14492. What is the hundreds digit of a?
5
Let l be (-5)/10*(-8)/(-6)*3. Let x be (-25)/(-15)*3*(l - -3). Suppose 0 = x*u + 26 - 306. What is the units digit of u?
6
Let d(c) = 82*c**2 + 3*c + 2. Suppose w = -11 + 13. Suppose -3*s + 11 = 3*o + w, 0 = -4*o - s. What is the units digit of d(o)?
1
Let g(w) = 7*w**2 + 35 + 6*w - 3*w**2 - 2*w**2. Let a = -14119 + 14127. What is the tens digit of g(a)?
1
Suppose -64*f - 176*f + 5663632 = -32*f. What is the thousands digit of f?
7
Let x(d) = 268*d**2 - 41*d + 27. What is the units digit of x(-5)?
2
Let u be (-134)/(-26) + 2/(-13). Suppose 3*y + 4*h = 105 + 171, -3*y - u*h = -279. What is the tens digit of y?
8
Let b(g) = -g**3 + 10*g**2 - 5*g - 22. Let o be (-4)/(-26) + 178/26 + 2. Suppose -63 + o = -6*z. What is the units digit of b(z)?
4
Let p(s) = 6*s - 14. Let y(d) = 13*d - 29. Let m(z) = -5*p(z) + 3*y(z). Suppose -4*v + 30 = -v. What is the tens digit of m(v)?
7
Let l = -822 + 2236. What is the units digit of l?
4
Suppose 8*t + 3660 = 4*t. What is the units digit of 1/(-2)*(t - 1)?
8
Suppose -26*p + 22*p - 88 = 0. Let a(f) = f**3 + 25*f**2 + 25*f + 6. What is the tens digit of a(p)?
0
What is the thousands digit of ((-4)/(-6) - 1/3)/(1132/168197088)?
9
Let z = 38070 + -27165. What is the thousands digit of z?
0
Suppose -42*k = -38*k + 2156. Let r = 427 - k. What is the hundreds digit of r?
9
Suppose y - 5*s + 25 = 0, y = 4*y + 4*s - 20. Suppose c + 0*c = y, -5*o + 4585 = 2*c. What is the tens digit of o?
1
Let u(f) = -148*f - 4. Let g(w) = 3*w - 1. Let t(a) = -10*g(a) + u(a). What is the hundreds digit of t(-8)?
4
Let c(f) = 322*f + 218. Let n be c(7). Suppose -2*q + 4*u = -n, -28*q + 24*q + 3*u = -4934. What is the hundreds digit of q?
2
Let f be 58/(-14) + (-9)/(-63). What is the units digit of (55/f)/((-105)/504)?
6
Let q(o) = o**2 + 7*o + 3340. Let t be q(0). What is the tens digit of (4 + -1 + -2)/(4/t)?
3
Let h = -90 + 92. Suppose a - 3*a - q = -516, -4*q = -h*a + 496. What is the hundreds digit of a?
2
What is the tens digit of 1 + (-231174)/(-21) + 5/((-175)/10)?
0
Suppose -5*w - 2*z + 10416 = 0, -5 - 5 = 5*z. Let l = w + -1351. What is the units digit of l?
3
Let y(t) = 7*t**3 - 14*t**2 - 11*t + 213. What is the tens digit of y(11)?
1
Let u = -107 + 112. Suppose 5*q + u*b = 5095, -3*b = 5*q - 7*b - 5122. What is the hundreds digit of q?
0
Let j = 10432 - 4452. What is the hundreds digit of j/22 + (-476)/(-77) + -6?
2
Let t = -37088 + 49370. What is the units digit of t?
2
Suppose 2*y - 2718 = -4*y. Let o = 67 + y. Suppose 6*r = -2*r + o. What is the units digit of r?
5
Let k(y) = -y**2 + 9*y + 19. Let g be k(11). Let p be 2*(-1)/(g/15). Suppose 4*s - 3*j = p, -3*s + 4*j - 3 = -7. What is the units digit of s?
4
What is the hundreds digit of 1*526192/56*7?
7
Suppose 5*l = 3*t + 208, 4*t + 99 + 221 = -4*l. Let m = -6 - t. What is the tens digit of 0 + m + -2 + -2?
6
Suppose l - 2*g = 4*l - 10, 4*g - 8 = 0. Suppose -5*c - v + 283 = 3*v, -l*c - 4*v + 106 = 0. Let z = c + 35. What is the units digit of z?
4
Let f = 35061 - 17768. What is the thousands digit of f?
7
What is the hundreds digit of (4 + (-13)/1 - -5) + -17 + 71133?
1
Let y(t) = 8*t**2 + 11*t + 383. What is the thousands digit of y(-56)?
4
Let q = -258 + -871. Let p = -173 - q. What is the units digit of p?
6
Let w be (28/10)/(-4*1/(-20)). Let n(o) = 9*o + w - 22 - 9 - 17. What is the units digit of n(7)?
9
Let n(c) = -7 - 124*c + 616*c - 4. What is the hundreds digit of n(1)?
4
Let h(v) = -5*v**2 + 489*v - 1068. What is the units digit of h(89)?
8
Let l(h) be the second derivative of h**5/15 - h**4/4 - 8*h**3/3 - 12*h**2 - 6*h. Let z(s) be the first derivative of l(s). What is the tens digit of z(6)?
9
Suppose -x + 519 = 2*x - z, 0 = -4*x - 5*z + 692. Suppose -x = 4*w - 3*j + 30, -2*w = -3*j + 103. What is the units digit of (-5)/(w/(-28))*(-5)/2?
7
Let u be (-2)/9 + 152/36. Let y(p) = -668*p**2 + 670*p**2 + p**3 - 2*p - 2 - 3*p. What is the tens digit of y(u)?
7
Let r = 144 + -1165. Let b = r + 1725. What is the tens digit of b?
0
Suppose 2101 = 15*p - 2189. Let t = p - 195. What is the units digit of t?
1
Suppose 209*a = 26110 + 284255. What is the units digit of a?
5
Suppose -3*o + 20 = -o. Let u be 3*2/4*o. Suppose -u*d = -18*d + 249. What is the tens digit of d?
8
Suppose 2*c = 3*l + 11, 3*c - 8*c - 5*l + 15 = 0. Suppose -c*u = 4*d - d - 417, -2*u + 5*d = -215. What is the tens digit of u?
0
Let i(y) = y**2 + 7*y + 8. Suppose -7*l + 12 = 47. Let f be i(l). Let b = 57 - f. What is the units digit of b?
9
Let v = 12134 - 3295. What is the thousands digit of v?
8
Suppose -3*d - 1237 = -448. Let q = d - -388. What is the tens digit of q?
2
Suppose 9*i - 885 = 3021. Let h = i - -16. What is the units digit of h?
0
Let c(k) = 2*k**2 - 6*k - 22. Let f = 41 - 39. Suppose 4*q = f*w - 11 - 3, 4*q = -4*w + 40. What is the units digit of c(w)?
6
Suppose -11*g + 3*s + 55599 = 0, 0 = -g - 21*s + 19*s + 5059. What is the tens digit of g?
5
Suppose 0 = 4*d - 4*f, 4*d = -f - 3*f. Let g be -6*((-5)/2 - d). Let i(x) = x**2 - 7*x + 28. What is the hundreds digit of i(g)?
1
Suppose -5*l + 1079 + 15628 = -8368. What is the thousands digit of l?
5
Let g(m) = 8262*m**3 - 2*m**2 - 24*m + 25. What is the units digit of g(1)?
1
Suppose -38*m + 116947 + 340223 = -838820. What is the tens digit of m?
0
Let v = -303 - -950. Let l = v + -45. What is the units digit of l?
2
Let k(y) = y**3 - y**2 - 1. Let l(j) be the first derivative of 77*j**4/2 - 2*j**3/3 - j - 1. Let t(w) = 2*k(w) - l(w). What is the hundreds digit of t(-1)?
1
Suppose -9 = -3*c - 3. Suppose -153 = -c*p + 3*p. What is the tens digit of 1/3*-1*p?
5
Let u(y) = 2*y**3 + 11*y**2 - 6*y - 4. Suppose -5*s - 2*s = 49. Let x(t) = t + 2. Let a be x(s). What is the units digit of u(a)?
1
Suppose -10*s + s = -99. Suppose s*m + 356 = -84. Let l = -23 - m. What is the units digit of l?
7
Suppose 201*h - 4463438 + 671924 = 42*h. What is the hundreds digit of h?
8
Let a = 597 + -597. Suppose -4*o + 5660 = -u, 2*u + 7078 = 5*o - a*u. What is the hundreds digit of o?
4
Suppose 0 = 4*g + 3*q - 140, -2*g + 2*q + 46 + 10 = 0. What is the units digit of ((-23)/(-2) + -5)*g?
8
Let x(v) = 6876*v**3 - 4*v**2 - 4*v - 9. What is the ten thousands digit of x(2)?
5
Let a(r) = -10*r + 3. Let b be a(0). Suppose -b*i = 2*d - 629, d + 3*i = 2*i + 317. What is the units digit of d?
2
Suppose -2*v = -3*m + 2, 5*v + 5 = -27*m + 30*m. Suppose m = 3*n - 4*j - 1514 - 1410, 5*n = -3*j + 4854. What is the tens digit of n?
7
Suppose -3*y + 5*y = 284. Let d = y - 102. What is the units digit of d?
0
Suppose 0 = -2*c + 14 - 10. Suppose -c*r - r = -21. Suppose r*j = 4*j + 63. What is the tens digit of j?
2
Let a = -838 + 820. What is the thousands digit of (a/8)/(55/(-26620))?
1
Let x(a) = -4*a**3 - 9*a**2 + 10*a - 19. Let r(i) = i**3 -